 -78)?
67
Evaluate (21 - 13) + (12 - (-5 - -11)) - -37.
51
17 + (-1 - 15) + 8 + (9 - (12 - -10))
-4
Evaluate 12 + -3 + (-13 - (1 - -21) - (-5 - 1)).
-20
Calculate -197 + (378 - 191) - (1 - (1 + 27)).
17
What is -2 - 5 - -113 - 3 - (12 + -6 - 10)?
107
What is 15 + (184 - 95) + -78?
26
Evaluate 136 + (1 - 7) + (5 + -9 - (-53 + 30)).
149
Calculate (41 - -66 - 65) + -130.
-88
Calculate -2 + 27 + (13 - (13 - 12) - 5).
32
What is the value of 891 - 908 - (-85 - (-7 - 0))?
61
-66 + 2 - (-1173 - -1062)
47
What is (16 - 16) + 38 + -17 + -10?
11
Evaluate 111 - 16 - (119 + -45).
21
Calculate -4 + -28 - (-48 + 12) - (36 + 0).
-32
Evaluate 49 - (-153 + 87 + 87).
28
What is the value of -11 - 2 - (-6 + (-16 - 14) - -13)?
10
What is 79 + 18 + -64 + -65?
-32
Evaluate 28 - (-13 + (8 - -2) + -206 + 195).
42
What is 75 - (104 + -15 + -65)?
51
(-101 - -65 - -35 - (1 + -11)) + (4 - -24)
37
Evaluate 7 + -3 + 5 + -11 + 8 - -12.
18
What is 36 + -2 + (3633 - 3562)?
105
What is 15 - (-6 - (17 + -19)) - 71?
-52
What is -1 + -35 + -3 + 8 + 8 + 4?
-19
What is 40 - (-18 + 50) - ((-10 - 25) + (-8 - -1))?
50
What is 2 + -107 - (339 - 348)?
-96
What is the value of (-22 - -15) + -6 + 13 + 34?
34
What is the value of 119 + -140 + -12 + -72 + -3?
-108
1 + -46 - (1097 - 1105)
-37
Calculate 49 - ((29 - (-16 + 50)) + 2 + -8 - -6).
54
Evaluate (-8 - (2 + (-13 - -2 - -12))) + -25.
-36
Evaluate (-7 - 6) + -322 + 390.
55
What is the value of -28 - (-93 + 74 + 11)?
-20
What is the value of (-35 - 105) + (44 - (1 - -3))?
-100
Calculate -36 + -3 - ((-30 - (5 + -22)) + 14).
-40
What is -7 + 1 - (-726 - -694)?
26
What is the value of (-36 - 16) + -78 - -80?
-50
Calculate (10 - 13) + (-10 - (-7 - (-9 + (-10 - -11)))).
-14
Calculate 8 + -21 + -8 + (26 - 11) + -57.
-63
What is the value of 5 - ((10 - (8 - 10 - -2)) + -37 - 3)?
35
Evaluate -1 + (-3 - -3) - (328 - 327) - (-18 - 1).
17
Evaluate 27 + -1 + (9 - (-6 + -3 + 18)).
26
Evaluate -69 + 80 + -67 + 102.
46
Calculate 17 - -104 - (47 + -1).
75
What is the value of (84 - 111 - (-20 - -2)) + -30?
-39
What is the value of -50 + 76 - 87 - -13?
-48
What is 4 - (35 + 15 + -15)?
-31
Calculate -4 - (3 + -53 + -129 + 125 + (3 - 0)).
47
Calculate -1 + 4 - (31 + (-17 - 18)).
7
What is the value of -31 - 6 - (-15 + 6 + 10 + 4)?
-42
68 - (5 - (-24 + 23 - 0))
62
-284 + 291 + -38 + (-4 - -1)
-34
What is -88 + 47 - 17 - -116?
58
What is 102 + -51 + (3 - 35)?
19
Evaluate (4 - 35) + (391 - 368).
-8
1 - (50 + (-22 - 51))
24
-8 - 3 - 0 - (-25 + 3 + 12) - 58
-59
What is the value of (21 - 25) + -28 + -3 + -6 + 0?
-41
Evaluate 591 - 691 - (-9 + 10 + 14).
-115
Calculate -202 + 201 - (12 + 1 + 11 + -7).
-18
Calculate 0 + -76 - (-2 - (206 + -210)).
-78
Evaluate 0 - 65 - (-38 - 17).
-10
Calculate 211 + -2 + (-7903 - -7777).
83
Evaluate 65 - (-9 - (-18 - ((23 - 12) + -21 + 0))).
66
What is 23 + -79 - (3 + (-3 - 12))?
-44
What is the value of (-24 - 2) + -1360 + 1398?
12
Calculate -12 + -2 + (18 - (17 - -20)).
-33
What is the value of 8 + (12 - 24) + 9 + 8 + (-6 - -6)?
13
What is the value of (-49 - -34) + -28 - (-31 + -5) - (-1 + -6)?
0
Evaluate 10 - 0 - (137 + (46 - 157)).
-16
Evaluate (38 - 53) + 19 - (-3 + -15 + 1).
21
What is the value of -55 - (-221 - (14 - 94))?
86
What is -3 - -11 - 21 - (203 + -218)?
2
Evaluate 74 + (-36 - -7) + 16.
61
Evaluate -31 - (-2 + 4 + -10 + -9 + 22).
-36
Calculate (99 + -50 - 80) + -25.
-56
Evaluate -3 - (24 - (-6 + 11) - 13 - -1).
-10
Evaluate -28 - ((11 + -23 - -8) + -12 + 1).
-13
Evaluate 49 + (-46 - 164) - -94.
-67
What is the value of 17 - (3 - (-6 - 16)) - -25?
17
What is the value of -38 + 67 + -30 - (0 + 6 + (0 - -72))?
-79
Evaluate 51 + -3 + (-13 - 13) + (15 - -2).
39
Calculate -6 + 18 + (-15 - -13) + (1 - 11) - -51.
51
9 + -1 - (491 + -478 - (-20 - 2))
-27
What is the value of -22 + (46 - 13) + -65?
-54
Calculate -48 + -1 - (-3 + 9 + (4 - 12)).
-47
(0 - -40) + 812 + -828 - 64
-40
2 + -19 + (-87 - -162)
58
What is the value of (-29 - (26 - 73)) + -19?
-1
Calculate 55 + -79 - (-4 - 48 - -1).
27
Evaluate -1596 - -1580 - (-107 + (0 - -2)).
89
What is the value of (2 - 9) + (0 - -8) + -30?
-29
What is 77 + -84 + (-10 - -2) + -6?
-21
What is 47 + (71 + -63 - 61) - (-27 + 0)?
21
What is (-289 - -301) + (0 - 29) + 27?
10
Evaluate -1 + -48 + 77 + -48.
-20
What is the value of -55 + 72 + 16 + -70?
-37
What is -12 - ((12 - 26) + (5 + -2 - 53))?
52
What is 6 - (-16 - (-1 - (14 + -9) - 8))?
8
97 + -1 + 3 + -12 + (-2 - 0)
85
What is the value of 52 - (-60 + -4 + 50)?
66
Evaluate 3 + (-7 + 6 - 12) + (3 - -41 - -2).
36
Evaluate (-794 - -694) + (57 - 0).
-43
What is 9 + -13 - (21 - 12)?
-13
What is the value of 19 - -1 - (45 + (40 - 84) + 3)?
16
Evaluate (1 - -9) + (-33 - (-3 - 22)) + 27.
29
17 - -6 - (27 - (53 + -32))
17
(-13 + -10 - -19) + -14 + -11
-29
Calculate -53 - (-62 - -5) - (2 + -5 + 7).
0
144 + -261 + -55 + 43
-129
What is -172 + 155 - (11 + -9 - -7)?
-26
(-64 - -86) + 118 - 167
-27
Evaluate -18 + -13 + (16 - -2) + -22.
-35
Evaluate -4 + (-14 - -28 - -29 - -25).
64
Evaluate (39 - (-37 + 102)) + (48 - 5).
17
Calculate -1 + (-27 - -26 - (5 - -8)) - -15.
0
(-73 + 55 - 48) + 24
-42
Evaluate -3 - (-35 + 21 + 25).
-14
What is (-25 - -1) + (-9 - (-26 + 4)) - (88 - 2)?
-97
What is the value of -32 + 3 + (14 + -33 - -32)?
-16
Evaluate (-19 - -15) + (-5 - 10) + (-5 - -16).
-8
Evaluate 19 - (-5 - -87) - 19 - (-14 - -1).
-69
What is (15 - (-90 + 48)) + -21?
36
What is the value of -45 - (-103 + 84 - -47)?
-73
What is the value of 258 + -274 - (-70 + 0)?
54
What is the value of -252 + (2 - -37) + 146?
-67
What is the value of -1043 + 1037 - (-10 - 0)?
4
What is the value of -1 + -73 - (7 + -16 + -138 + 135)?
-62
Evaluate 1 + 2 + (67 + -285 - -132).
-83
Evaluate -68 + 19 + 23 + 10.
-16
3 - (-67 - (-58 + 37))
49
What is the value of (-11 - (-3 + -26)) + (16 - -7)?
41
What is -893 + 901 + (-2 + 1 - (0 + -1)) + 37?
45
What is the value of -30 - (4 + -8 + 23)?
-49
What is the value of 5 + (3 + -4 - -60) + 18 + -44 + 21?
59
What is the value of -3 - -7 - (-29 + (-32 - -45))?
20
Evaluate (26 - (-63 - -30 - -173)) + 9.
-105
Calculate -65 + 37 - -1 - -47.
20
Calculate 3077 - 3131 - (-64 - 1).
11
Calculate (-45 + 56 - 9) + -1 + 7 + -3 + 1.
6
What is (42 + -54 - (-3 + 0 + 8)) + -17?
-34
Calculate 444 + -399 + (3 - 4).
44
What is the value of -41 + 6 - 65 - (-13 + -9)?
-78
Calculate (-7 - 7) + -25 - -25.
-14
What is -157 + 67 + -17 + -6?
-113
Calculate 476 + -466 - (-54 - 12).
76
(-17 + -9 - -6) + 22 - 100
-98
(0 - -13) + (-5599 - -5624)
38
Calculate (86 - 36) + -26 + -38 - -33.
19
What is 1 - (-1 + 14) - (25 - 35) - 39?
-41
What is the value of (4 - -1) + -19 + (36 - 24 - -14)?
12
Calculate 16 + (-92 - -135) + -15 + 0.
44
What is -7 + (4 - 1) + 9 + -2 + (-7 - 16)?
-20
Calculate 18 + -5 + -26 + 14 + (-27 - 0).
-26
What is the value of (-98 + -21 - -69) + 29?
-21
Evaluate (4 - -20) + (4 - -1 - 10).
19
What is the value of 30 + -25 + (10 - 18 - (-11 + -8))?
16
What is -92 - ((-69 - 87) + 65)?
-1
What is the value of (35 + -115 - (16 - (3 - 3))) + 19?
-77
-71 + (-128 - -146 - -122)
69
What is the value of 60 + (-38 - (-26 + -22 + 28))?
42
What is (109 - (191 - 26)) + (7 + -2 - (-2 - 0))?
-49
What is -34 + 6 + -8 + 45?
9
Calculate -19 + -131 + (16 - -3) - (-3 + -4).
-124
Calculate (23 - (-21 + 29)) + -9 + (-3 - (3 + -8)).
8
Evaluate 2 + 11 - (-1548 + 1538 + -3 + -2 + 1).
27
Evaluate 3 + 1 + -5 + 7 + -7 + (4 - 18).
-15
Calculate (-2 - 17) + (-23 + 90 - 93).
-45
What is (-29 - 18) + (10 + 2 - (22 + -24)) + -10?
-43
What is (-4 + 1 + (0 - -1) - (-1064 + 1072)) + 71?
61
What is the value of -16 + 2 - (2631 + -2636)?
-9
What is the value of 6 - 1 - (-106 + 96 - (3 - 50))?
-32
What is the value of (-7912 - -7902) + (1 - 4 - (-1 + (0 - -3)))?
-15
What is the value of 0 + 4 + 3 + -3 + -15 + 122 + -98?
13
(-10 - (7 + 3 - 13)) + -15 + 3 + -4
-23
21 + (-8 + 7 - 5) + 9 + -13 + 8
19
-99 - 3 - (-262 + 281)
-121
Calculate 122 - (26 + 33 + 7 + -33).
89
Evaluate (-21 - (-15 - (1 - 14)) - -15) + (0 - -68).
64
What is -29 + -5 + 1582 + -1645?
-97
75 + (-94 - -57) - (-15 + 2)
51
What is the value of -8 + -11 + 8 - ((-2 + 10 - -27) + 5)?
-51
Calculate -1 - ((9 - ((13 - 1) + 27)) + -5).
34
What is the value of (2 - -1) + (66 - 64 - -56)?
61
-51 + (-42 - -1 - -48) + -44
-88
Ca